{"id":21,"date":"2020-05-20T12:20:00","date_gmt":"2020-05-20T12:20:00","guid":{"rendered":"http:\/\/www.prophysica.hu\/?page_id=21"},"modified":"2022-07-31T20:03:38","modified_gmt":"2022-07-31T20:03:38","slug":"alapadatok","status":"publish","type":"page","link":"https:\/\/www.prophysica.hu\/?page_id=21","title":{"rendered":"Alapadatok"},"content":{"rendered":"\n<h3 class=\"wp-block-heading\">Pro Physica Hallgat\u00f3i Alap\u00edtv\u00e1ny Szeged<\/h3>\n\n\n\n<ul class=\"wp-block-list\"><li>e-mail: prophysica@gmail.com<\/li><li>ad\u00f3sz\u00e1ma: 18454727-1-06<\/li><li>telefon: 06-62\/54-6710<\/li><li>c\u00edm: 6724 Szeged, Tisza Lajos krt. 84-86.<\/li><li><a href=\"http:\/\/szhb.mafihe.hu\/wp-content\/uploads\/2016\/05\/PP_alapito2015.pdf\">Alap\u00edt\u00f3 okirat 2016-t\u00f3l<\/a><\/li><li><a href=\"http:\/\/szhb.mafihe.hu\/wp-content\/uploads\/2013\/06\/2017_Bejegyz\u0151-v\u00e9gz\u00e9sek-\u00f6sszes.pdf\">Bejegyz\u0151 v\u00e9gz\u00e9sek 1994-2016<\/a><\/li><li>Kurat\u00f3riumi eln\u00f6k: Gajdos Tam\u00e1s<\/li><li><a href=\"http:\/\/szhb.mafihe.hu\/wp-content\/uploads\/2021\/05\/printable.xhtml_.pdf\">OBH adatok<\/a><\/li><\/ul>\n\n\n\n<h4 class=\"wp-block-heading\">\u00c1lland\u00f3 \u00d6szt\u00f6nd\u00edj Ki\u00edr\u00e1s<\/h4>\n\n\n\n<ul class=\"wp-block-list\"><li><a href=\"http:\/\/szhb.mafihe.hu\/wp-content\/uploads\/2013\/06\/\u00c1lland\u00f3Ki\u00edr\u00e1s.2016.pdf\">\u00d6szt\u00f6nd\u00edj P\u00e1ly\u00e1zat<\/a> &amp; <a href=\"http:\/\/szhb.mafihe.hu\/wp-content\/uploads\/2013\/06\/p\u00e1ly\u00e1zati-\u0171rlap.pdf\">p\u00e1ly\u00e1zati \u0171rlap<\/a><\/li><\/ul>\n\n\n\n<h3 class=\"wp-block-heading\">Besz\u00e1mol\u00f3k<\/h3>\n\n\n\n<h4 class=\"wp-block-heading\">2021-es \u00e9v<\/h4>\n\n\n\n<ul class=\"wp-block-list\"><li>Taggy\u0171l\u00e9s2022<\/li><li>OBH2022<\/li><li>\u00c9ves besz\u00e1mol\u00f3<\/li><\/ul>\n\n\n\n<h4 class=\"wp-block-heading\">2020-as \u00e9v<\/h4>\n\n\n\n<ul class=\"wp-block-list\"><li><a href=\"http:\/\/szhb.mafihe.hu\/wp-content\/uploads\/2021\/05\/Taggy\u0171l\u00e9s_2021.pdf\">Taggy\u0171l\u00e9s2021<\/a><\/li><li>OBH2021_<\/li><li><a href=\"http:\/\/szhb.mafihe.hu\/wp-content\/uploads\/2021\/05\/ProP2021_egyszer\u0171s\u00edtett-besz\u00e1mol\u00f3_s.pdf\">\u00c9ves besz\u00e1mol\u00f3<\/a><\/li><\/ul>\n\n\n\n<h4 class=\"wp-block-heading\">2019-es \u00e9v<\/h4>\n\n\n\n<ul class=\"wp-block-list\"><li><a href=\"http:\/\/szhb.mafihe.hu\/wp-content\/uploads\/2021\/05\/Taggy\u0171l\u00e9s_2020.pdf\">Taggy\u0171l\u00e9s2020<\/a><\/li><li><a href=\"http:\/\/szhb.mafihe.hu\/wp-content\/uploads\/2021\/05\/OBH2018_EB00326431.pdf\">OBH2020_EB00326431<\/a><\/li><li><a href=\"http:\/\/szhb.mafihe.hu\/wp-content\/uploads\/2021\/05\/Pro-Physica-besz\u00e1mol\u00f3_2019.pdf\">\u00c9ves besz\u00e1mol\u00f3<\/a><\/li><\/ul>\n\n\n\n<h4 class=\"wp-block-heading\">2018-as \u00e9v<\/h4>\n\n\n\n<ul class=\"wp-block-list\"><li><a href=\"http:\/\/szhb.mafihe.hu\/wp-content\/uploads\/2019\/11\/Taggy\u0171l\u00e9si-jegyz\u0151k\u00f6nyv_Pro-Physica_2018.pdf\">Taggy\u0171l\u00e9s2019<\/a><\/li><li><a href=\"http:\/\/szhb.mafihe.hu\/wp-content\/uploads\/2019\/11\/EB00274854.pdf\">OBH2019_EB00274854<\/a><\/li><li><a href=\"http:\/\/szhb.mafihe.hu\/wp-content\/uploads\/2019\/11\/Pro-Physica-K\u00f6zhaszn\u00fas\u00e1gi-jelent\u00e9s_2018.pdf\">Pro Physica K\u00f6zhaszn\u00fas\u00e1gi jelent\u00e9s 2018<\/a><\/li><li><a href=\"http:\/\/szhb.mafihe.hu\/wp-content\/uploads\/2019\/11\/PP2018_besz\u00e1mol\u00f3.pdf\">\u00c9ves besz\u00e1mol\u00f3<\/a><\/li><\/ul>\n\n\n\n<h4 class=\"wp-block-heading\">2017-es \u00e9v<\/h4>\n\n\n\n<ul class=\"wp-block-list\"><li><a href=\"http:\/\/szhb.mafihe.hu\/wp-content\/uploads\/2018\/12\/29051800.pdf\">Taggy\u0171l\u00e9s2018<\/a><\/li><li><a href=\"http:\/\/szhb.mafihe.hu\/wp-content\/uploads\/2018\/12\/EB00191736.pdf\">OBH2018_EB00191736<\/a><\/li><li><a href=\"http:\/\/szhb.mafihe.hu\/wp-content\/uploads\/2018\/12\/Pro-Physica-K\u00f6zhaszn\u00fas\u00e1gi-jelent\u00e9s_2017.pdf\">Pro Physica K\u00f6zhaszn\u00fas\u00e1gi jelent\u00e9s_2017<\/a><\/li><li><a href=\"http:\/\/szhb.mafihe.hu\/wp-content\/uploads\/2018\/12\/29051801.pdf\">\u00c9ves besz\u00e1mol\u00f3<\/a><\/li><\/ul>\n\n\n\n<h4 class=\"wp-block-heading\">2016-os \u00e9v<\/h4>\n\n\n\n<ul class=\"wp-block-list\"><li><a href=\"http:\/\/szhb.mafihe.hu\/wp-content\/uploads\/2013\/06\/Taggy\u0171l\u00e9s_2017.pdf\">Taggy\u0171l\u00e9s_2017<\/a><\/li><li><a href=\"http:\/\/szhb.mafihe.hu\/wp-content\/uploads\/2018\/12\/EB00128567.pdf\">OBH2017_EB00128567<\/a><\/li><li><a href=\"http:\/\/szhb.mafihe.hu\/wp-content\/uploads\/2013\/06\/Pro-Physica-besz\u00e1mol\u00f3_2016_eredm\u00e9nykimutat\u00e1s.pdf\">Pro Physica besz\u00e1mol\u00f3_2016_eredm\u00e9nykimutat\u00e1s<\/a><\/li><li><a href=\"http:\/\/szhb.mafihe.hu\/wp-content\/uploads\/2013\/06\/Pro-Physica-besz\u00e1mol\u00f3_2016_m\u00e9rleg.pdf\">Pro Physica besz\u00e1mol\u00f3_2016_m\u00e9rleg<\/a><\/li><li><a href=\"http:\/\/szhb.mafihe.hu\/wp-content\/uploads\/2013\/06\/Pro-Physica-Kieg\u00e9sz\u00edt\u0151-mell\u00e9klet_2016.pdf\">Pro Physica Kieg\u00e9sz\u00edt\u0151 mell\u00e9klet_2016<\/a><\/li><\/ul>\n\n\n\n<h4 class=\"wp-block-heading\">2015-\u00f6s \u00e9v<\/h4>\n\n\n\n<ul class=\"wp-block-list\"><li><a href=\"http:\/\/szhb.mafihe.hu\/wp-content\/uploads\/2013\/06\/Taggy\u0171l\u00e9s_2016.pdf\">Taggy\u0171l\u00e9s_2016<\/a><\/li><li><a href=\"http:\/\/szhb.mafihe.hu\/wp-content\/uploads\/2016\/05\/OBHGEPI_PK_142_1432631711190_2.pdf\">OBHGEPI_PK_142_1432631711190_2<\/a><\/li><li><a href=\"http:\/\/szhb.mafihe.hu\/wp-content\/uploads\/2016\/05\/Pro-Physica-besz\u00e1mol\u00f3_2015.eredm\u00e9nykimutat\u00e1s.pdf\">Pro Physica besz\u00e1mol\u00f3_2015.eredm\u00e9nykimutat\u00e1s<\/a><\/li><li><a href=\"http:\/\/szhb.mafihe.hu\/wp-content\/uploads\/2016\/05\/Pro-Physica-besz\u00e1mol\u00f3_2015.m\u00e9rleg.pdf\">Pro Physica besz\u00e1mol\u00f3_2015.m\u00e9rleg<\/a><\/li><li><a href=\"http:\/\/szhb.mafihe.hu\/wp-content\/uploads\/2016\/05\/Pro-Physica-Kieg\u00e9sz\u00edt\u0151-mell\u00e9klet_2015_GT.pdf\">Pro Physica Kieg\u00e9sz\u00edt\u0151 mell\u00e9klet_2015_GT<\/a><\/li><\/ul>\n\n\n\n<h4 class=\"wp-block-heading\">2014-es \u00e9v<\/h4>\n\n\n\n<ul class=\"wp-block-list\"><li><a href=\"http:\/\/szhb.mafihe.hu\/wp-content\/uploads\/2013\/06\/Alap\u00edt\u00f3Okirat2009.pdf\">r\u00e9gi \u2013 Alap\u00edt\u00f3Okirat2009<\/a><\/li><li><a href=\"http:\/\/szhb.mafihe.hu\/wp-content\/uploads\/2013\/06\/Taggy\u0171l\u00e9s_2015_2.pdf\">Taggy\u0171l\u00e9s_2015<\/a><\/li><li><a href=\"http:\/\/szhb.mafihe.hu\/wp-content\/uploads\/2013\/06\/OBHGEPI_PK_142_1432631711190.pdf\">OBHGEPI_PK_142_1432631711190<\/a><\/li><li><a href=\"http:\/\/szhb.mafihe.hu\/wp-content\/uploads\/2013\/06\/Pro-Physica-besz\u00e1mol\u00f3_2014-bor\u00edt\u00f3.pdf\">Pro Physica besz\u00e1mol\u00f3_2014 bor\u00edt\u00f3<\/a><\/li><li><a href=\"http:\/\/szhb.mafihe.hu\/wp-content\/uploads\/2013\/06\/Pro-Physica-besz\u00e1mol\u00f3_2014-eredm\u00e9nykimutat\u00e1s.pdf\">Pro Physica besz\u00e1mol\u00f3_2014 eredm\u00e9nykimutat\u00e1s<\/a><\/li><li><a href=\"http:\/\/szhb.mafihe.hu\/wp-content\/uploads\/2013\/06\/Pro-Physica-besz\u00e1mol\u00f3_2014-m\u00e9rleg.pdf\">Pro Physica besz\u00e1mol\u00f3_2014 m\u00e9rleg<\/a><\/li><\/ul>\n","protected":false},"excerpt":{"rendered":"<p>Pro Physica Hallgat\u00f3i Alap\u00edtv\u00e1ny Szeged e-mail: prophysica@gmail.com ad\u00f3sz\u00e1ma: 18454727-1-06 telefon: 06-62\/54-6710 c\u00edm: 6724 Szeged, Tisza Lajos krt. 84-86. Alap\u00edt\u00f3 okirat 2016-t\u00f3l Bejegyz\u0151 v\u00e9gz\u00e9sek 1994-2016 Kurat\u00f3riumi eln\u00f6k: Gajdos Tam\u00e1s OBH adatok \u00c1lland\u00f3 \u00d6szt\u00f6nd\u00edj Ki\u00edr\u00e1s \u00d6szt\u00f6nd\u00edj P\u00e1ly\u00e1zat &amp; p\u00e1ly\u00e1zati \u0171rlap Besz\u00e1mol\u00f3k 2021-es \u00e9v Taggy\u0171l\u00e9s2022 OBH2022 \u00c9ves besz\u00e1mol\u00f3 2020-as \u00e9v Taggy\u0171l\u00e9s2021 OBH2021_ \u00c9ves besz\u00e1mol\u00f3 2019-es \u00e9v Taggy\u0171l\u00e9s2020 OBH2020_EB00326431 [&hellip;]<\/p>\n","protected":false},"author":1,"featured_media":0,"parent":0,"menu_order":0,"comment_status":"closed","ping_status":"closed","template":"","meta":{"footnotes":""},"class_list":["post-21","page","type-page","status-publish","hentry"],"jetpack_sharing_enabled":true,"_links":{"self":[{"href":"https:\/\/www.prophysica.hu\/index.php?rest_route=\/wp\/v2\/pages\/21","targetHints":{"allow":["GET"]}}],"collection":[{"href":"https:\/\/www.prophysica.hu\/index.php?rest_route=\/wp\/v2\/pages"}],"about":[{"href":"https:\/\/www.prophysica.hu\/index.php?rest_route=\/wp\/v2\/types\/page"}],"author":[{"embeddable":true,"href":"https:\/\/www.prophysica.hu\/index.php?rest_route=\/wp\/v2\/users\/1"}],"replies":[{"embeddable":true,"href":"https:\/\/www.prophysica.hu\/index.php?rest_route=%2Fwp%2Fv2%2Fcomments&post=21"}],"version-history":[{"count":3,"href":"https:\/\/www.prophysica.hu\/index.php?rest_route=\/wp\/v2\/pages\/21\/revisions"}],"predecessor-version":[{"id":32,"href":"https:\/\/www.prophysica.hu\/index.php?rest_route=\/wp\/v2\/pages\/21\/revisions\/32"}],"wp:attachment":[{"href":"https:\/\/www.prophysica.hu\/index.php?rest_route=%2Fwp%2Fv2%2Fmedia&parent=21"}],"curies":[{"name":"wp","href":"https:\/\/api.w.org\/{rel}","templated":true}]}}